{"id":55,"date":"2025-05-07T22:27:39","date_gmt":"2025-05-07T20:27:39","guid":{"rendered":"https:\/\/dreamscapes.ovh\/?page_id=55"},"modified":"2025-05-16T18:45:48","modified_gmt":"2025-05-16T16:45:48","slug":"a-propos-de-nous","status":"publish","type":"page","link":"https:\/\/dreamscapes.ovh\/index.php\/a-propos-de-nous\/","title":{"rendered":"A propos  de nous"},"content":{"rendered":"\t\t<div data-elementor-type=\"wp-page\" data-elementor-id=\"55\" class=\"elementor elementor-55\">\n\t\t\t\t<div class=\"elementor-element elementor-element-a4798b4 e-con-full e-flex e-con e-parent\" data-id=\"a4798b4\" data-element_type=\"container\">\n\t\t<div class=\"elementor-element elementor-element-113328e e-con-full e-flex e-con e-child\" data-id=\"113328e\" data-element_type=\"container\">\n\t\t\t\t<div class=\"elementor-element elementor-element-45bfac1 elementor-widget elementor-widget-heading\" data-id=\"45bfac1\" data-element_type=\"widget\" data-widget_type=\"heading.default\">\n\t\t\t\t<div class=\"elementor-widget-container\">\n\t\t\t\t\t<h2 class=\"elementor-heading-title elementor-size-default\">A propos de nous :<\/h2>\t\t\t\t<\/div>\n\t\t\t\t<\/div>\n\t\t\t\t<div class=\"elementor-element elementor-element-441aa15 elementor-widget elementor-widget-text-editor\" data-id=\"441aa15\" data-element_type=\"widget\" data-widget_type=\"text-editor.default\">\n\t\t\t\t<div class=\"elementor-widget-container\">\n\t\t\t\t\t\t\t\t\t<p class=\"font_8 wixui-rich-text__text\"><span class=\"wixui-rich-text__text\">Bienvenue dans le monde enchant\u00e9 de la famille Valgueblasse Lhotelais, o\u00f9 chaque jour est une aventure magique inspir\u00e9e par l&rsquo;univers de Disney. Notre famille se compose de quatre membres, chacun portant une passion sans bornes pour les contes de f\u00e9es et les personnages embl\u00e9matiques de Disney. et autres univers.<\/span><\/p><p class=\"font_8 wixui-rich-text__text\"><span class=\"wixui-rich-text__text\">Tout d&rsquo;abord, il y a Adeline et Yanna\u00ebl, les parents.<\/span><\/p><p class=\"font_8 wixui-rich-text__text\"><span class=\"wixui-rich-text__text\">Adeline, une assistante pleine d&rsquo;\u00e9nergie, transmet son amour pour les princesses Disney \u00e0 sa fille Alwen, tout en partageant les r\u00e9cits captivants des classiques Disney avec son fils, Ewan.<\/span><\/p><p class=\"font_8 wixui-rich-text__text\"><span class=\"wixui-rich-text__text\">Yanna\u00ebl, un d\u00e9clarant en douane toujours pr\u00eat \u00e0 r\u00e9aliser des miracles, trouve son inspiration dans l&rsquo;univers de Star Wars, r\u00eavant secr\u00e8tement d&rsquo;inventer le prochain grand man\u00e8ge de Disneyland (pourquoi pas un land Star Wars&#8230;).<\/span><\/p><p class=\"font_8 wixui-rich-text__text\"><span class=\"wixui-rich-text__text\">Ensuite, il y a Ewan, le jeune aventurier intr\u00e9pide. \u00c0 douze ans, Ewan est un explorateur n\u00e9, cherchant \u00e0 capturer l&rsquo;esprit d&rsquo;aventure des Pirates des Cara\u00efbes et du monde MARVEL. Arm\u00e9 de son appareil photo, il capture chaque moment magique pass\u00e9 en famille \u00e0 Disneyland, compilant ainsi un pr\u00e9cieux album de souvenirs qui immortalise leurs escapades.<\/span><\/p><p class=\"font_8 wixui-rich-text__text\"><span class=\"wixui-rich-text__text\">Enfin, il y a Alwen, la princesse r\u00eaveuse de la famille. \u00c0 seulement dix ans, Alwen est une fervente admiratrice de Tiana, Raiponce et Belle, s&rsquo;imaginant souvent vivre ses propres aventures enchant\u00e9es au ch\u00e2teau de Disneyland. Son esprit cr\u00e9atif s&rsquo;\u00e9panouit dans les costumes qu&rsquo;elle aime se v\u00eatir, des tenues dignes des plus grands bal Disney.<\/span><\/p><p class=\"font_8 wixui-rich-text__text\" style=\"text-align: left;\"><span class=\"wixui-rich-text__text\">Ensemble, les Valgueblasse Lhotelais forment une \u00e9quipe unie, pr\u00eate \u00e0 embarquer pour de nouvelles aventures dans le monde enchant\u00e9 de Disney. Que ce soit en parcourant les rues pav\u00e9es de Main Street USA, en plongeant dans les profondeurs de l&rsquo;oc\u00e9an avec Nemo, ou en faisant tournoyer leurs oreilles de Mickey dans le ciel \u00e9toil\u00e9, cette famille n&rsquo;a qu&rsquo;un seul objectif : vivre chaque instant avec la magie de Disney.<\/span><\/p>\t\t\t\t\t\t\t\t<\/div>\n\t\t\t\t<\/div>\n\t\t\t\t<\/div>\n\t\t<div class=\"elementor-element elementor-element-3dccbb1 e-con-full e-flex e-con e-child\" data-id=\"3dccbb1\" data-element_type=\"container\">\n\t\t\t\t<div class=\"elementor-element elementor-element-59f514a ekit-image-accordion-hover ekit-image-accordion-horizontal elementor-widget elementor-widget-elementskit-image-accordion\" data-id=\"59f514a\" data-element_type=\"widget\" data-widget_type=\"elementskit-image-accordion.default\">\n\t\t\t\t<div class=\"elementor-widget-container\">\n\t\t\t\t\t<div class=\"ekit-wid-con\" >\t\t<div class=\"ekit-image-accordion elementskit-image-accordion-wraper\">\n\t\t\t                <input type=\"radio\" name=\"ekit_ia_59f514a\" id=\"ekit_ia_59f514a_0\" class=\"elementskit-single-image-accordion--input\" hidden>\n                <label for=\"ekit_ia_59f514a_0\" class=\"elementskit-single-image-accordion ekit-image-accordion-item\" style=\"background-image: url(http:\/\/dreamscapes.ovh\/wp-content\/uploads\/2025\/05\/20230825_200817-scaled.jpg)\">\n                    <span class=\"elementskit-accordion-content\">\n\t\t\t\t\t\t\t\t\t\t\t\t\t<span class=\"elementskit-accordion-title-wraper\">\n\t\t\t\t\t\t\t\t<span class=\"elementskit-accordion-title \">\n\t\t\t\t\t\t\t\t\n\t\t\t\t\t\t\t\t\n\t\t\t\t\t\t\t\t\t\t\t\t\t\t\t\t<\/span>\n\t\t\t\t\t\t\t<\/span>\n\t\t\t\t\t\t\t                    <\/span>\n                <\/label>\n                            <input type=\"radio\" name=\"ekit_ia_59f514a\" id=\"ekit_ia_59f514a_1\" class=\"elementskit-single-image-accordion--input\" hidden>\n                <label for=\"ekit_ia_59f514a_1\" class=\"elementskit-single-image-accordion ekit-image-accordion-item\" style=\"background-image: url(http:\/\/dreamscapes.ovh\/wp-content\/uploads\/2025\/05\/20240813_134748-scaled.jpg)\">\n                    <span class=\"elementskit-accordion-content\">\n\t\t\t\t\t\t\t\t\t\t\t\t\t<span class=\"elementskit-accordion-title-wraper\">\n\t\t\t\t\t\t\t\t<span class=\"elementskit-accordion-title \">\n\t\t\t\t\t\t\t\t\n\t\t\t\t\t\t\t\t\n\t\t\t\t\t\t\t\t\t\t\t\t\t\t\t\t<\/span>\n\t\t\t\t\t\t\t<\/span>\n\t\t\t\t\t\t\t                    <\/span>\n                <\/label>\n                            <input type=\"radio\" name=\"ekit_ia_59f514a\" id=\"ekit_ia_59f514a_2\" class=\"elementskit-single-image-accordion--input\" hidden>\n                <label for=\"ekit_ia_59f514a_2\" class=\"elementskit-single-image-accordion ekit-image-accordion-item\" style=\"background-image: url(http:\/\/dreamscapes.ovh\/wp-content\/uploads\/2025\/05\/20240812_171209_002-scaled.jpg)\">\n                    <span class=\"elementskit-accordion-content\">\n\t\t\t\t\t\t\t\t\t\t\t\t\t<span class=\"elementskit-accordion-title-wraper\">\n\t\t\t\t\t\t\t\t<span class=\"elementskit-accordion-title \">\n\t\t\t\t\t\t\t\t\n\t\t\t\t\t\t\t\t\n\t\t\t\t\t\t\t\t\t\t\t\t\t\t\t\t<\/span>\n\t\t\t\t\t\t\t<\/span>\n\t\t\t\t\t\t\t                    <\/span>\n                <\/label>\n                            <input type=\"radio\" name=\"ekit_ia_59f514a\" id=\"ekit_ia_59f514a_3\" class=\"elementskit-single-image-accordion--input\" hidden>\n                <label for=\"ekit_ia_59f514a_3\" class=\"elementskit-single-image-accordion ekit-image-accordion-item\" style=\"background-image: url(http:\/\/dreamscapes.ovh\/wp-content\/uploads\/2025\/05\/20231026_115409-scaled.jpg)\">\n                    <span class=\"elementskit-accordion-content\">\n\t\t\t\t\t\t\t\t\t\t\t\t\t<span class=\"elementskit-accordion-title-wraper\">\n\t\t\t\t\t\t\t\t<span class=\"elementskit-accordion-title \">\n\t\t\t\t\t\t\t\t\n\t\t\t\t\t\t\t\t\n\t\t\t\t\t\t\t\t\t\t\t\t\t\t\t\t<\/span>\n\t\t\t\t\t\t\t<\/span>\n\t\t\t\t\t\t\t                    <\/span>\n                <\/label>\n                    <\/div>\n    <\/div>\t\t\t\t<\/div>\n\t\t\t\t<\/div>\n\t\t\t\t<\/div>\n\t\t\t\t<\/div>\n\t\t\t\t<\/div>\n\t\t","protected":false},"excerpt":{"rendered":"<p>A propos de nous : Bienvenue dans le monde enchant\u00e9 de la famille Valgueblasse Lhotelais, o\u00f9 chaque jour est une aventure magique inspir\u00e9e par l&rsquo;univers de Disney. Notre famille se compose de quatre membres, chacun portant une passion sans bornes pour les contes de f\u00e9es et les personnages embl\u00e9matiques de Disney. et autres univers. Tout [&hellip;]<\/p>\n","protected":false},"author":1,"featured_media":0,"parent":0,"menu_order":0,"comment_status":"closed","ping_status":"closed","template":"","meta":{"ocean_post_layout":"","ocean_both_sidebars_style":"","ocean_both_sidebars_content_width":0,"ocean_both_sidebars_sidebars_width":0,"ocean_sidebar":"","ocean_second_sidebar":"","ocean_disable_margins":"enable","ocean_add_body_class":"","ocean_shortcode_before_top_bar":"","ocean_shortcode_after_top_bar":"","ocean_shortcode_before_header":"","ocean_shortcode_after_header":"","ocean_has_shortcode":"","ocean_shortcode_after_title":"","ocean_shortcode_before_footer_widgets":"","ocean_shortcode_after_footer_widgets":"","ocean_shortcode_before_footer_bottom":"","ocean_shortcode_after_footer_bottom":"","ocean_display_top_bar":"default","ocean_display_header":"default","ocean_header_style":"","ocean_center_header_left_menu":"","ocean_custom_header_template":"","ocean_custom_logo":0,"ocean_custom_retina_logo":0,"ocean_custom_logo_max_width":0,"ocean_custom_logo_tablet_max_width":0,"ocean_custom_logo_mobile_max_width":0,"ocean_custom_logo_max_height":0,"ocean_custom_logo_tablet_max_height":0,"ocean_custom_logo_mobile_max_height":0,"ocean_header_custom_menu":"","ocean_menu_typo_font_family":"","ocean_menu_typo_font_subset":"","ocean_menu_typo_font_size":0,"ocean_menu_typo_font_size_tablet":0,"ocean_menu_typo_font_size_mobile":0,"ocean_menu_typo_font_size_unit":"px","ocean_menu_typo_font_weight":"","ocean_menu_typo_font_weight_tablet":"","ocean_menu_typo_font_weight_mobile":"","ocean_menu_typo_transform":"","ocean_menu_typo_transform_tablet":"","ocean_menu_typo_transform_mobile":"","ocean_menu_typo_line_height":0,"ocean_menu_typo_line_height_tablet":0,"ocean_menu_typo_line_height_mobile":0,"ocean_menu_typo_line_height_unit":"","ocean_menu_typo_spacing":0,"ocean_menu_typo_spacing_tablet":0,"ocean_menu_typo_spacing_mobile":0,"ocean_menu_typo_spacing_unit":"","ocean_menu_link_color":"","ocean_menu_link_color_hover":"","ocean_menu_link_color_active":"","ocean_menu_link_background":"","ocean_menu_link_hover_background":"","ocean_menu_link_active_background":"","ocean_menu_social_links_bg":"","ocean_menu_social_hover_links_bg":"","ocean_menu_social_links_color":"","ocean_menu_social_hover_links_color":"","ocean_disable_title":"default","ocean_disable_heading":"default","ocean_post_title":"","ocean_post_subheading":"","ocean_post_title_style":"","ocean_post_title_background_color":"","ocean_post_title_background":0,"ocean_post_title_bg_image_position":"","ocean_post_title_bg_image_attachment":"","ocean_post_title_bg_image_repeat":"","ocean_post_title_bg_image_size":"","ocean_post_title_height":0,"ocean_post_title_bg_overlay":0.5,"ocean_post_title_bg_overlay_color":"","ocean_disable_breadcrumbs":"default","ocean_breadcrumbs_color":"","ocean_breadcrumbs_separator_color":"","ocean_breadcrumbs_links_color":"","ocean_breadcrumbs_links_hover_color":"","ocean_display_footer_widgets":"default","ocean_display_footer_bottom":"default","ocean_custom_footer_template":"","footnotes":""},"class_list":["post-55","page","type-page","status-publish","hentry","entry"],"_links":{"self":[{"href":"https:\/\/dreamscapes.ovh\/index.php\/wp-json\/wp\/v2\/pages\/55","targetHints":{"allow":["GET"]}}],"collection":[{"href":"https:\/\/dreamscapes.ovh\/index.php\/wp-json\/wp\/v2\/pages"}],"about":[{"href":"https:\/\/dreamscapes.ovh\/index.php\/wp-json\/wp\/v2\/types\/page"}],"author":[{"embeddable":true,"href":"https:\/\/dreamscapes.ovh\/index.php\/wp-json\/wp\/v2\/users\/1"}],"replies":[{"embeddable":true,"href":"https:\/\/dreamscapes.ovh\/index.php\/wp-json\/wp\/v2\/comments?post=55"}],"version-history":[{"count":16,"href":"https:\/\/dreamscapes.ovh\/index.php\/wp-json\/wp\/v2\/pages\/55\/revisions"}],"predecessor-version":[{"id":588,"href":"https:\/\/dreamscapes.ovh\/index.php\/wp-json\/wp\/v2\/pages\/55\/revisions\/588"}],"wp:attachment":[{"href":"https:\/\/dreamscapes.ovh\/index.php\/wp-json\/wp\/v2\/media?parent=55"}],"curies":[{"name":"wp","href":"https:\/\/api.w.org\/{rel}","templated":true}]}}